36*x**2 - 2 - 7*x - 33*x**2 - 5*x + 51*x**2. What is the hundreds digit of d(5)?
2
Let a = 774 + -783. What is the hundreds digit of (-1 - 6771/a) + 20/(-15)?
7
Let g = -32 - 79. Let v = g - -387. What is the hundreds digit of v?
2
Suppose -2*k - 2*u = -k - 1, 3*k = -2*u - 5. What is the units digit of (-2968)/(-64) + k/8?
6
Suppose -4*s = 3*b, -5*b - 3*s - s + 8 = 0. Suppose -f = -u - 3*u + 1526, 0 = -5*u - b*f + 1897. What is the units digit of u?
1
Let c be (1 - -8)*(1 - 0). Let a be (30/c - 0)*6/4. Let q(g) = g**3 - 4*g**2 + 13*g - 7. What is the units digit of q(a)?
3
Let g(j) = -1451*j - 1602. What is the tens digit of g(-10)?
0
Let z(k) = -4*k + 2*k**3 + 28 - 6*k**2 - k**3 - 20. Let m be z(7). Suppose -2*n + m + 167 = 0. What is the tens digit of n?
9
Suppose -15*i = -12*i - 744. Let k = i + -80. What is the hundreds digit of k?
1
Let w(d) = d**3 - 77*d**2 + 149*d - 14. What is the hundreds digit of w(76)?
5
Suppose -2*o - 5 = -d, -3*d + 3*o + 26 = 8. Suppose 6*b - 1 = d*b. What is the hundreds digit of b/(18/(-2028)) + (-8)/(-6)?
1
Let y(v) = v**2 + 8*v - 7. Suppose -6*d + 3 = 57. Let f be y(d). Suppose -33 = -5*m - 5*q + 12, -f*q + 8 = 0. What is the units digit of m?
5
Let p = 16395 - 10688. What is the tens digit of p?
0
Let a = 267145 + -179956. What is the ten thousands digit of a?
8
Let f(b) = -3356*b - 95. What is the units digit of f(-2)?
7
Suppose -30405 = 33*v - 354927. What is the hundreds digit of v?
8
Let d(i) = 4*i + 15. Let p be d(-2). Suppose 0 = -7*n - p*n + 28. What is the units digit of n?
2
Let v = -166 + 325. What is the tens digit of 3/((-27)/(-42))*v?
4
Suppose -3*u + 2632 = 5*i, -2*u - 255 = 3*i - 2009. Suppose u = 5*c - 386. Suppose -66 = -6*q + c. What is the units digit of q?
3
Suppose -2*x = 5*i, 5*x = -4*i + 3*x - 2. Suppose 2*u = -i*o + 30, -54 = -4*u - o - o. Suppose 12 + 228 = u*s. What is the units digit of s?
0
What is the thousands digit of 11507 - -52 - (6 + -3)?
1
Let o(n) = -n**3 + 32*n**2 + 49*n + 26. Let r be o(31). Suppose 10*m = r - 1016. What is the hundreds digit of m?
1
Let u(n) = -n**3 + 6*n**2 + 2*n - 250. Let d be u(0). What is the hundreds digit of (d/(-8))/((-40)/(-800))?
6
Suppose -12*l + 25*l - 26 = 0. Suppose -4*n = -4, 0 = -m + l*m + 4*n - 1173. What is the thousands digit of m?
1
Let t(x) be the first derivative of 37*x**2/2 - 33*x + 28. What is the tens digit of t(9)?
0
Suppose -g = 13*g + 2324. Suppose 0 = -10*q + 11*q + 288. Let k = g - q. What is the units digit of k?
2
Suppose 0 = -25*a + 15*a + 120. Suppose a*v = 56 + 16. What is the units digit of v?
6
What is the hundreds digit of ((10409184/(-64))/(-47))/(1*1/4)?
8
Let f be (932/6 - 2)*252/168. Suppose -13500 = -240*p + f*p. What is the units digit of p?
0
Suppose 6*w - 46 = -16. Suppose -5*u + 420 = -l, -384 = -5*u + w*l + 56. Let s = u - 52. What is the units digit of s?
1
Let w = 881 + 7052. What is the thousands digit of w?
7
Let d(u) = 9*u**2 + 40*u + 258. What is the hundreds digit of d(-30)?
1
Let o be ((-2)/(-1))/(12/(-36)). What is the units digit of 4 - (-596 + o + -1)?
7
Let h = 111 - 121. Let w be 59536/(-10) + 4/h. What is the tens digit of w/(-208) + 3*(-1)/(-8)?
2
Let n be (-42)/(-4) - (-21)/14. Suppose n*z = 16*z + 160. Let h = z - -99. What is the tens digit of h?
5
Suppose 5*b + t = 94 + 142, 3*b = 2*t + 139. Suppose -b = -2*v + 59. Suppose 5*r - v = 117. What is the tens digit of r?
3
Let d(g) be the third derivative of 131*g**4/24 - 49*g**3/6 - 19*g**2 - 4. What is the hundreds digit of d(7)?
8
Suppose m = 2*a - 3997, 2*m + 9994 = 5*a + m. Let n = a - 449. What is the units digit of n?
0
Let l = -6169 + 13721. What is the thousands digit of l?
7
Let n = 351 - -226. Suppose -6*d = -1547 - n. What is the units digit of d?
4
Suppose 3*j - 158871 = -3*s, -4702 = -j - 4*s + 48270. What is the hundreds digit of j?
9
Let g(t) be the second derivative of -7*t**4/24 + t**3/3 + 11*t**2/2 + 11*t. Let l(o) be the first derivative of g(o). What is the units digit of l(-12)?
6
Suppose 3*u = 28*u - 5550. Suppose 3*q = 42 + u. What is the tens digit of q?
8
Let g(y) = y + 16. Let f be g(-9). Suppose n - 4*u - 1 + f = 0, 5*n - 2*u - 42 = 0. Suppose p = a - n + 8, 4*a - 13 = -p. What is the units digit of a?
3
Let y(z) = -3*z**2 + 56*z + 3. Let l(o) = -4*o**2 + 114*o + 7. Let u(g) = 2*l(g) - 5*y(g). What is the tens digit of u(-5)?
3
Suppose -38 = 4*g - t, -2 = 2*t - 3*t. Let u(k) = 3*k**2 + 14*k + 45. Let m be u(g). Let r = 282 - m. What is the hundreds digit of r?
1
Suppose 18*h - 16*h = 16. Suppose 2*g = 12 - h. Suppose 4*u - u + 4*k = 321, -3*u - g*k = -327. What is the hundreds digit of u?
1
Let s(r) = r**3 - 4*r**2 + r + 9. Let w be s(3). Let a be (-4)/(-6) + 2/6. Suppose j = -w*c + 16, 3*c + 10 = a. What is the tens digit of j?
2
Let r be 64/12*156/16. Suppose -t + 4*s - 2*s + r = 0, -5*s = -2*t + 104. What is the units digit of t?
2
Let a(i) = 602*i - 3751. What is the units digit of a(21)?
1
Let b = 1012 - -4258. What is the tens digit of b?
7
Let t(p) = -40*p - 178. Let h be t(-5). What is the tens digit of h + -28 + (596 - -2)?
9
Let b be ((-42)/(-15))/((-1)/155). Let n = b + 1209. What is the hundreds digit of n?
7
Let d = 105 + -90. Suppose 185 + d = 2*q. What is the hundreds digit of q?
1
Suppose 330 = 12*w - 6*w - 0*w. What is the units digit of w?
5
Let g be 3*13 - (2 - 4). Let c(l) = -3*l**3 - 4*l - 4. Let n be c(-3). Suppose -2*t + n = -g. What is the units digit of t?
5
Let s(l) = -l**2 - 286. Let k be s(0). Let d = k - -514. What is the tens digit of d?
2
Suppose -630 = 5*j + 4*j. Let z = j - -77. What is the units digit of z?
7
Suppose -t - 19 = 5*m, 2*m = 5*t + m - 9. Suppose 0 = 2*i - 45 + t. Suppose 3*h - 2*r = -7*r + i, -4*r - 49 = -5*h. What is the units digit of h?
9
Suppose 28*p - 25*p - 25612 = 5*q, -2*q = -2*p + 17080. What is the hundreds digit of p?
5
Let m be (-1230620)/(-210) - (-2)/(-21). Suppose -11*t = 9*t - m. What is the tens digit of t?
9
Suppose -3*h - 340083 = -4*r, -255057 = -3*r + 171*h - 168*h. What is the tens digit of r?
2
Suppose 6407648 = 275*o + 17*o. What is the units digit of o?
4
Let i be 13/(3 - 16/6)*3. Suppose i*w - 4536 = 109*w. What is the tens digit of w?
6
Suppose -4*v + 5164 = 4*u, -3*v + u = -7*v + 5164. Suppose c - 3*p = -2*c + 771, 5*c - 2*p = v. What is the units digit of c?
9
What is the thousands digit of ((4785 + 8)*(0 - 1))/(-1)?
4
Let z be (20/(-25))/(32/(-15) + 2). Let t be 20/z*(6 + 0). What is the units digit of (-2 - -3)/(-4) + 685/t?
4
Suppose -19*m - 36864 = 13*m. Let k = m - -1747. What is the hundreds digit of k?
5
Suppose 32 = 2*j - 3*d, 0 = j - d - 48 + 32. Let u(l) = 4*l - 15 - l**3 - 4*l + 15*l**2 + 19*l. What is the tens digit of u(j)?
3
Let t = 531 - 650. Let f(j) = -2*j**3 + j**2 + 7*j + 1. Let a be f(5). Let h = t - a. What is the tens digit of h?
7
Suppose 0 = -18*d + 26*d - 6312. Let j = -515 + d. What is the units digit of j?
4
Let c = 15671 + -5920. What is the units digit of c?
1
Suppose 5*u - 2*j = 3*j, -5*j = -u. Let d be ((-21)/6 + u)*-2. What is the tens digit of (6 - d)*(2 - 25)?
2
Suppose 0 = -41*u - 25*u + 497574. What is the tens digit of u?
3
Let c = -61 - -63. Suppose -25 = -5*x - 4*j, -x - 3*j - 5 = -2*x. Suppose 10*r - x*r + q - 674 = 0, 3*r - 394 = c*q. What is the units digit of r?
4
Suppose -337784 - 126504 = 28*y - 72*y. What is the ten thousands digit of y?
1
Suppose 126*y + 155*y - 112*y - 4286685 = 0. What is the tens digit of y?
6
Let d(r) = -9*r + 224. Let q be d(26). Let t(g) be the second derivative of -g**5/20 - 3*g**4/4 + 5*g**3/3 + 21*g**2/2 + g. What is the units digit of t(q)?
1
Suppose 2 = 3*i - 1, -3*v + 26 = 2*i. Let r(l) = 16*l - 34. Let b be r(v). Suppose 2*s - 6 - b = 0. What is the tens digit of s?
5
Let m = -403 + 753. Suppose -v + 3*t + 342 = 0, -t = -v - 2*t + m. Suppose -2*c + 174 = -a - 2*a, -4*c = 4*a - v. What is the units digit of c?
7
Suppose -5*p - 22 = -j - 2*p, p = 3*j - 74. Let g = 216 + j. What is the tens digit of g?
4
Suppose -6*g + 0 - 6 = 0. What is the hundreds digit of 37933/28 - g/(12/3)?
3
Suppose 129*i - 248370 = 99*i. What is the hundreds digit of i?
2
Let x = -2331 - -3439. Suppose -2*s - j + 45 + x = 0, 1150 = 2*s + 2*j. What is the tens digit of s?
7
Let c(s) = -s**